{"id":28309,"date":"2025-07-31T16:36:56","date_gmt":"2025-07-31T19:36:56","guid":{"rendered":"https:\/\/www.azullimao.com.br\/portal\/?page_id=28309"},"modified":"2025-08-12T10:59:27","modified_gmt":"2025-08-12T13:59:27","slug":"sport-gol","status":"publish","type":"page","link":"https:\/\/www.azullimao.com.br\/portal\/sport-gol\/","title":{"rendered":">> Sport Gol"},"content":{"rendered":"<p style=\"text-align: center;\"><a href=\"https:\/\/www.azullimao.com.br\/portal\/guia\/\"><img loading=\"lazy\" decoding=\"async\" class=\"alignnone wp-image-18424 size-medium\" src=\"https:\/\/www.azullimao.com.br\/portal\/wp-content\/uploads\/2021\/11\/botao3_menu-300x48.png\" alt=\"\" width=\"300\" height=\"48\" srcset=\"https:\/\/www.azullimao.com.br\/portal\/wp-content\/uploads\/2021\/11\/botao3_menu-300x48.png 300w, https:\/\/www.azullimao.com.br\/portal\/wp-content\/uploads\/2021\/11\/botao3_menu.png 315w\" sizes=\"auto, (max-width: 300px) 100vw, 300px\" \/><\/a><br \/>\n<img loading=\"lazy\" decoding=\"async\" class=\"alignnone wp-image-28322 size-full\" src=\"https:\/\/www.azullimao.com.br\/portal\/wp-content\/uploads\/2025\/07\/sport_gol_banner2.jpg\" alt=\"\" width=\"540\" height=\"540\" srcset=\"https:\/\/www.azullimao.com.br\/portal\/wp-content\/uploads\/2025\/07\/sport_gol_banner2.jpg 540w, https:\/\/www.azullimao.com.br\/portal\/wp-content\/uploads\/2025\/07\/sport_gol_banner2-300x300.jpg 300w, https:\/\/www.azullimao.com.br\/portal\/wp-content\/uploads\/2025\/07\/sport_gol_banner2-150x150.jpg 150w\" sizes=\"auto, (max-width: 540px) 100vw, 540px\" \/><\/p>\n<p style=\"text-align: center;\"><span style=\"color: #ffff00;\">R. Jo\u00e3o Alves Jobim Saldanha, 662 &#8211; Gl\u00f3ria, Maca\u00e9 &#8211; RJ<\/span><\/p>\n<p style=\"text-align: center;\"><a href=\"https:\/\/api.whatsapp.com\/send?phone=5522999163889\"><img loading=\"lazy\" decoding=\"async\" class=\"alignnone wp-image-16706\" src=\"https:\/\/www.azullimao.com.br\/portal\/wp-content\/uploads\/2020\/05\/pin_whatsapp.png\" alt=\"\" width=\"60\" height=\"60\" srcset=\"https:\/\/www.azullimao.com.br\/portal\/wp-content\/uploads\/2020\/05\/pin_whatsapp.png 171w, https:\/\/www.azullimao.com.br\/portal\/wp-content\/uploads\/2020\/05\/pin_whatsapp-150x150.png 150w\" sizes=\"auto, (max-width: 60px) 100vw, 60px\" \/><\/a><a href=\"tel:22999163889\"><img loading=\"lazy\" decoding=\"async\" class=\"alignnone wp-image-16775\" src=\"https:\/\/www.azullimao.com.br\/portal\/wp-content\/uploads\/2020\/05\/pin_tel.png\" alt=\"\" width=\"60\" height=\"60\" srcset=\"https:\/\/www.azullimao.com.br\/portal\/wp-content\/uploads\/2020\/05\/pin_tel.png 171w, https:\/\/www.azullimao.com.br\/portal\/wp-content\/uploads\/2020\/05\/pin_tel-150x150.png 150w\" sizes=\"auto, (max-width: 60px) 100vw, 60px\" \/><\/a> <a href=\"https:\/\/www.instagram.com\/sportgolmacae\"><img loading=\"lazy\" decoding=\"async\" class=\"alignnone wp-image-28011\" src=\"https:\/\/www.azullimao.com.br\/portal\/wp-content\/uploads\/2025\/07\/pin_instagram.png\" alt=\"\" width=\"60\" height=\"60\" srcset=\"https:\/\/www.azullimao.com.br\/portal\/wp-content\/uploads\/2025\/07\/pin_instagram.png 171w, https:\/\/www.azullimao.com.br\/portal\/wp-content\/uploads\/2025\/07\/pin_instagram-150x150.png 150w\" sizes=\"auto, (max-width: 60px) 100vw, 60px\" \/><\/a> <a href=\"https:\/\/maps.app.goo.gl\/2yThC9sTvE1xa9rn7\"><img loading=\"lazy\" decoding=\"async\" class=\"alignnone wp-image-18495\" src=\"https:\/\/www.azullimao.com.br\/portal\/wp-content\/uploads\/2021\/11\/pin_mapas2.png\" alt=\"\" width=\"60\" height=\"60\" srcset=\"https:\/\/www.azullimao.com.br\/portal\/wp-content\/uploads\/2021\/11\/pin_mapas2.png 171w, https:\/\/www.azullimao.com.br\/portal\/wp-content\/uploads\/2021\/11\/pin_mapas2-150x150.png 150w\" sizes=\"auto, (max-width: 60px) 100vw, 60px\" \/><\/a><\/p>\n","protected":false},"excerpt":{"rendered":"<p>R. Jo\u00e3o Alves Jobim Saldanha, 662 &#8211; Gl\u00f3ria, Maca\u00e9 &#8211; RJ<\/p>\n","protected":false},"author":7,"featured_media":0,"parent":0,"menu_order":0,"comment_status":"closed","ping_status":"closed","template":"","meta":{"footnotes":""},"class_list":["post-28309","page","type-page","status-publish","hentry"],"_links":{"self":[{"href":"https:\/\/www.azullimao.com.br\/portal\/wp-json\/wp\/v2\/pages\/28309","targetHints":{"allow":["GET"]}}],"collection":[{"href":"https:\/\/www.azullimao.com.br\/portal\/wp-json\/wp\/v2\/pages"}],"about":[{"href":"https:\/\/www.azullimao.com.br\/portal\/wp-json\/wp\/v2\/types\/page"}],"author":[{"embeddable":true,"href":"https:\/\/www.azullimao.com.br\/portal\/wp-json\/wp\/v2\/users\/7"}],"replies":[{"embeddable":true,"href":"https:\/\/www.azullimao.com.br\/portal\/wp-json\/wp\/v2\/comments?post=28309"}],"version-history":[{"count":11,"href":"https:\/\/www.azullimao.com.br\/portal\/wp-json\/wp\/v2\/pages\/28309\/revisions"}],"predecessor-version":[{"id":28491,"href":"https:\/\/www.azullimao.com.br\/portal\/wp-json\/wp\/v2\/pages\/28309\/revisions\/28491"}],"wp:attachment":[{"href":"https:\/\/www.azullimao.com.br\/portal\/wp-json\/wp\/v2\/media?parent=28309"}],"curies":[{"name":"wp","href":"https:\/\/api.w.org\/{rel}","templated":true}]}}