{"id":8077,"date":"2018-04-03T11:48:16","date_gmt":"2018-04-03T14:48:16","guid":{"rendered":"http:\/\/www.azullimao.com.br\/portal\/wp-content\/uploads\/2018\/04\/1522840336.jpg"},"modified":"2018-04-03T11:48:16","modified_gmt":"2018-04-03T14:48:16","slug":"1522840336","status":"inherit","type":"attachment","link":"https:\/\/www.azullimao.com.br\/portal\/1522840336\/","title":{"rendered":"1522840336"},"author":7,"featured_media":0,"comment_status":"open","ping_status":"closed","template":"","meta":[],"class_list":["post-8077","attachment","type-attachment","status-inherit","hentry"],"description":{"rendered":"<p class=\"attachment\"><a href='https:\/\/www.azullimao.com.br\/portal\/wp-content\/uploads\/2018\/04\/1522840336.jpg'><img loading=\"lazy\" decoding=\"async\" width=\"300\" height=\"200\" src=\"https:\/\/www.azullimao.com.br\/portal\/wp-content\/uploads\/2018\/04\/1522840336-300x200.jpg\" class=\"attachment-medium size-medium\" alt=\"\" srcset=\"https:\/\/www.azullimao.com.br\/portal\/wp-content\/uploads\/2018\/04\/1522840336-300x200.jpg 300w, https:\/\/www.azullimao.com.br\/portal\/wp-content\/uploads\/2018\/04\/1522840336-768x512.jpg 768w, https:\/\/www.azullimao.com.br\/portal\/wp-content\/uploads\/2018\/04\/1522840336.jpg 787w\" sizes=\"auto, (max-width: 300px) 100vw, 300px\" \/><\/a><\/p>\n"},"caption":{"rendered":"<p>Feira de ado\u00e7\u00e3o de animais especiais na Pra\u00e7a Ver\u00edssimo de Melo. Maca\u00e9 (RJ). Data: 04\/10\/2017. Fot\u00f3grafo: Maur\u00edcio Por\u00e3o\/Prefeitura de Maca\u00e9(RJ)<\/p>\n"},"alt_text":"","media_type":"image","mime_type":"image\/jpeg","media_details":{"width":787,"height":525,"file":"2018\/04\/1522840336.jpg","sizes":{"thumbnail":{"file":"1522840336-150x150.jpg","width":150,"height":150,"mime_type":"image\/jpeg","source_url":"https:\/\/www.azullimao.com.br\/portal\/wp-content\/uploads\/2018\/04\/1522840336-150x150.jpg"},"medium":{"file":"1522840336-300x200.jpg","width":300,"height":200,"mime_type":"image\/jpeg","source_url":"https:\/\/www.azullimao.com.br\/portal\/wp-content\/uploads\/2018\/04\/1522840336-300x200.jpg"},"medium_large":{"file":"1522840336-768x512.jpg","width":768,"height":512,"mime_type":"image\/jpeg","source_url":"https:\/\/www.azullimao.com.br\/portal\/wp-content\/uploads\/2018\/04\/1522840336-768x512.jpg"},"colormag-highlighted-post":{"file":"1522840336-392x272.jpg","width":392,"height":272,"mime_type":"image\/jpeg","source_url":"https:\/\/www.azullimao.com.br\/portal\/wp-content\/uploads\/2018\/04\/1522840336-392x272.jpg"},"colormag-featured-post-medium":{"file":"1522840336-390x205.jpg","width":390,"height":205,"mime_type":"image\/jpeg","source_url":"https:\/\/www.azullimao.com.br\/portal\/wp-content\/uploads\/2018\/04\/1522840336-390x205.jpg"},"colormag-featured-post-small":{"file":"1522840336-130x90.jpg","width":130,"height":90,"mime_type":"image\/jpeg","source_url":"https:\/\/www.azullimao.com.br\/portal\/wp-content\/uploads\/2018\/04\/1522840336-130x90.jpg"},"colormag-featured-image":{"file":"1522840336-787x445.jpg","width":787,"height":445,"mime_type":"image\/jpeg","source_url":"https:\/\/www.azullimao.com.br\/portal\/wp-content\/uploads\/2018\/04\/1522840336-787x445.jpg"},"colormag-default-news":{"file":"1522840336-150x150.jpg","width":150,"height":150,"mime_type":"image\/jpeg","source_url":"https:\/\/www.azullimao.com.br\/portal\/wp-content\/uploads\/2018\/04\/1522840336-150x150.jpg"},"full":{"file":"1522840336.jpg","width":787,"height":525,"mime_type":"image\/jpeg","source_url":"https:\/\/www.azullimao.com.br\/portal\/wp-content\/uploads\/2018\/04\/1522840336.jpg"}},"image_meta":{"aperture":"2.8","credit":"","camera":"Canon EOS 60D","caption":"Feira de ado\u00e7\u00e3o de animais especiais na Pra\u00e7a Ver\u00edssimo de Melo. Maca\u00e9 (RJ). Data: 04\/10\/2017. Fot\u00f3grafo: Maur\u00edcio Por\u00e3o\/Prefeitura de Maca\u00e9(RJ)","created_timestamp":"1507128767","copyright":"","focal_length":"200","iso":"400","shutter_speed":"0.0025","title":"","orientation":"1","keywords":[]}},"post":null,"source_url":"https:\/\/www.azullimao.com.br\/portal\/wp-content\/uploads\/2018\/04\/1522840336.jpg","_links":{"self":[{"href":"https:\/\/www.azullimao.com.br\/portal\/wp-json\/wp\/v2\/media\/8077","targetHints":{"allow":["GET"]}}],"collection":[{"href":"https:\/\/www.azullimao.com.br\/portal\/wp-json\/wp\/v2\/media"}],"about":[{"href":"https:\/\/www.azullimao.com.br\/portal\/wp-json\/wp\/v2\/types\/attachment"}],"author":[{"embeddable":true,"href":"https:\/\/www.azullimao.com.br\/portal\/wp-json\/wp\/v2\/users\/7"}],"replies":[{"embeddable":true,"href":"https:\/\/www.azullimao.com.br\/portal\/wp-json\/wp\/v2\/comments?post=8077"}]}}

<p>Feira de adoção de animais especiais na Praça Veríssimo de Melo. Macaé (RJ). Data: 04/10/2017. Fotógrafo: Maurício Porão/Prefeitura de Macaé(RJ)</p>

Feira de adoção de animais especiais na Praça Veríssimo de Melo. Macaé (RJ). Data: 04/10/2017. Fotógrafo: Maurício Porão/Prefeitura de Macaé(RJ)
