{"id":7997,"date":"2018-03-24T12:43:50","date_gmt":"2018-03-24T15:43:50","guid":{"rendered":"http:\/\/www.azullimao.com.br\/portal\/wp-content\/uploads\/2018\/03\/1521881533.jpg"},"modified":"2018-03-24T12:43:50","modified_gmt":"2018-03-24T15:43:50","slug":"1521881533","status":"inherit","type":"attachment","link":"https:\/\/www.azullimao.com.br\/portal\/1521881533\/","title":{"rendered":"1521881533"},"author":7,"featured_media":0,"comment_status":"open","ping_status":"closed","template":"","meta":[],"class_list":["post-7997","attachment","type-attachment","status-inherit","hentry"],"description":{"rendered":"<p class=\"attachment\"><a href='https:\/\/www.azullimao.com.br\/portal\/wp-content\/uploads\/2018\/03\/1521881533.jpg'><img loading=\"lazy\" decoding=\"async\" width=\"300\" height=\"200\" src=\"https:\/\/www.azullimao.com.br\/portal\/wp-content\/uploads\/2018\/03\/1521881533-300x200.jpg\" class=\"attachment-medium size-medium\" alt=\"\" srcset=\"https:\/\/www.azullimao.com.br\/portal\/wp-content\/uploads\/2018\/03\/1521881533-300x200.jpg 300w, https:\/\/www.azullimao.com.br\/portal\/wp-content\/uploads\/2018\/03\/1521881533-768x513.jpg 768w, https:\/\/www.azullimao.com.br\/portal\/wp-content\/uploads\/2018\/03\/1521881533.jpg 800w\" sizes=\"auto, (max-width: 300px) 100vw, 300px\" \/><\/a><\/p>\n"},"caption":{"rendered":"<p>Prefeito, Dr. Aluizio (e esposa) e o Secret\u00e1rio de Sa\u00fade, Dr. Pedro Reis, participam de prociss\u00e3o e missa na Igreja Nossa Senhora de F\u00e1tima, no lan\u00e7amento da Campanha da Frateridade 2016 da Igreja Cat\u00f3lica em Maca\u00e9. Maca\u00e9\/RJ. Data: 13\/02\/2016. Foto: Guga Malheiros\/ Prefeitura de Maca\u00e9.<\/p>\n"},"alt_text":"","media_type":"image","mime_type":"image\/jpeg","media_details":{"width":800,"height":534,"file":"2018\/03\/1521881533.jpg","sizes":{"thumbnail":{"file":"1521881533-150x150.jpg","width":150,"height":150,"mime_type":"image\/jpeg","source_url":"https:\/\/www.azullimao.com.br\/portal\/wp-content\/uploads\/2018\/03\/1521881533-150x150.jpg"},"medium":{"file":"1521881533-300x200.jpg","width":300,"height":200,"mime_type":"image\/jpeg","source_url":"https:\/\/www.azullimao.com.br\/portal\/wp-content\/uploads\/2018\/03\/1521881533-300x200.jpg"},"medium_large":{"file":"1521881533-768x513.jpg","width":768,"height":513,"mime_type":"image\/jpeg","source_url":"https:\/\/www.azullimao.com.br\/portal\/wp-content\/uploads\/2018\/03\/1521881533-768x513.jpg"},"colormag-highlighted-post":{"file":"1521881533-392x272.jpg","width":392,"height":272,"mime_type":"image\/jpeg","source_url":"https:\/\/www.azullimao.com.br\/portal\/wp-content\/uploads\/2018\/03\/1521881533-392x272.jpg"},"colormag-featured-post-medium":{"file":"1521881533-390x205.jpg","width":390,"height":205,"mime_type":"image\/jpeg","source_url":"https:\/\/www.azullimao.com.br\/portal\/wp-content\/uploads\/2018\/03\/1521881533-390x205.jpg"},"colormag-featured-post-small":{"file":"1521881533-130x90.jpg","width":130,"height":90,"mime_type":"image\/jpeg","source_url":"https:\/\/www.azullimao.com.br\/portal\/wp-content\/uploads\/2018\/03\/1521881533-130x90.jpg"},"colormag-featured-image":{"file":"1521881533-800x445.jpg","width":800,"height":445,"mime_type":"image\/jpeg","source_url":"https:\/\/www.azullimao.com.br\/portal\/wp-content\/uploads\/2018\/03\/1521881533-800x445.jpg"},"colormag-default-news":{"file":"1521881533-150x150.jpg","width":150,"height":150,"mime_type":"image\/jpeg","source_url":"https:\/\/www.azullimao.com.br\/portal\/wp-content\/uploads\/2018\/03\/1521881533-150x150.jpg"},"full":{"file":"1521881533.jpg","width":800,"height":534,"mime_type":"image\/jpeg","source_url":"https:\/\/www.azullimao.com.br\/portal\/wp-content\/uploads\/2018\/03\/1521881533.jpg"}},"image_meta":{"aperture":"2.8","credit":"Guga Malheiros","camera":"Canon EOS 60D","caption":"Prefeito, Dr. Aluizio (e esposa) e o Secret\u00e1rio de Sa\u00fade, Dr. Pedro Reis, participam de prociss\u00e3o e missa na Igreja Nossa Senhora de F\u00e1tima, no lan\u00e7amento da Campanha da Frateridade 2016 da Igreja Cat\u00f3lica em Maca\u00e9. Maca\u00e9\/RJ. Data: 13\/02\/2016. Foto: Guga Malheiros\/ Prefeitura de Maca\u00e9.","created_timestamp":"1455363183","copyright":"www.macae.rj.gov.br","focal_length":"16","iso":"2000","shutter_speed":"0.002","title":"","orientation":"1","keywords":["padre","bispo","celebra\u00e7\u00e3o","in\u00edcio","par\u00f3quias"]}},"post":null,"source_url":"https:\/\/www.azullimao.com.br\/portal\/wp-content\/uploads\/2018\/03\/1521881533.jpg","_links":{"self":[{"href":"https:\/\/www.azullimao.com.br\/portal\/wp-json\/wp\/v2\/media\/7997","targetHints":{"allow":["GET"]}}],"collection":[{"href":"https:\/\/www.azullimao.com.br\/portal\/wp-json\/wp\/v2\/media"}],"about":[{"href":"https:\/\/www.azullimao.com.br\/portal\/wp-json\/wp\/v2\/types\/attachment"}],"author":[{"embeddable":true,"href":"https:\/\/www.azullimao.com.br\/portal\/wp-json\/wp\/v2\/users\/7"}],"replies":[{"embeddable":true,"href":"https:\/\/www.azullimao.com.br\/portal\/wp-json\/wp\/v2\/comments?post=7997"}]}}

<p>Prefeito, Dr. Aluizio (e esposa) e o Secretário de Saúde, Dr. Pedro Reis, participam de procissão e missa na Igreja Nossa Senhora de Fátima, no lançamento da Campanha da Frateridade 2016 da Igreja Católica em Macaé. Macaé/RJ. Data: 13/02/2016. Foto: Guga Malheiros/ Prefeitura de Macaé.</p>

Prefeito, Dr. Aluizio (e esposa) e o Secretário de Saúde, Dr. Pedro Reis, participam de procissão e missa na Igreja Nossa Senhora de Fátima, no lançamento da Campanha da Frateridade 2016 da Igreja Católica em Macaé. Macaé/RJ. Data: 13/02/2016. Foto: Guga Malheiros/ Prefeitura de Macaé.

celebração

início

paróquias
