{"id":7990,"date":"2018-03-23T15:11:43","date_gmt":"2018-03-23T18:11:43","guid":{"rendered":"http:\/\/www.azullimao.com.br\/portal\/wp-content\/uploads\/2018\/03\/1521827224.jpg"},"modified":"2018-03-23T15:11:43","modified_gmt":"2018-03-23T18:11:43","slug":"201700503-cidade-universitaria-2","status":"inherit","type":"attachment","link":"https:\/\/www.azullimao.com.br\/portal\/201700503-cidade-universitaria-2\/","title":{"rendered":"201700503 Cidade Universit\u00e1ria"},"author":7,"featured_media":0,"comment_status":"open","ping_status":"closed","template":"","meta":[],"class_list":["post-7990","attachment","type-attachment","status-inherit","hentry"],"description":{"rendered":"<p class=\"attachment\"><a href='https:\/\/www.azullimao.com.br\/portal\/wp-content\/uploads\/2018\/03\/1521827224.jpg'><img loading=\"lazy\" decoding=\"async\" width=\"300\" height=\"200\" src=\"https:\/\/www.azullimao.com.br\/portal\/wp-content\/uploads\/2018\/03\/1521827224-300x200.jpg\" class=\"attachment-medium size-medium\" alt=\"\" srcset=\"https:\/\/www.azullimao.com.br\/portal\/wp-content\/uploads\/2018\/03\/1521827224-300x200.jpg 300w, https:\/\/www.azullimao.com.br\/portal\/wp-content\/uploads\/2018\/03\/1521827224-768x513.jpg 768w, https:\/\/www.azullimao.com.br\/portal\/wp-content\/uploads\/2018\/03\/1521827224.jpg 800w\" sizes=\"auto, (max-width: 300px) 100vw, 300px\" \/><\/a><\/p>\n"},"caption":{"rendered":"<p>Cidade Universit\u00e1ria de Maca\u00e9.. Data 03\/05\/2017 &#8211; Maca\u00e9\/RJ\/Brasil<\/p>\n"},"alt_text":"","media_type":"image","mime_type":"image\/jpeg","media_details":{"width":800,"height":534,"file":"2018\/03\/1521827224.jpg","sizes":{"thumbnail":{"file":"1521827224-150x150.jpg","width":150,"height":150,"mime_type":"image\/jpeg","source_url":"https:\/\/www.azullimao.com.br\/portal\/wp-content\/uploads\/2018\/03\/1521827224-150x150.jpg"},"medium":{"file":"1521827224-300x200.jpg","width":300,"height":200,"mime_type":"image\/jpeg","source_url":"https:\/\/www.azullimao.com.br\/portal\/wp-content\/uploads\/2018\/03\/1521827224-300x200.jpg"},"medium_large":{"file":"1521827224-768x513.jpg","width":768,"height":513,"mime_type":"image\/jpeg","source_url":"https:\/\/www.azullimao.com.br\/portal\/wp-content\/uploads\/2018\/03\/1521827224-768x513.jpg"},"colormag-highlighted-post":{"file":"1521827224-392x272.jpg","width":392,"height":272,"mime_type":"image\/jpeg","source_url":"https:\/\/www.azullimao.com.br\/portal\/wp-content\/uploads\/2018\/03\/1521827224-392x272.jpg"},"colormag-featured-post-medium":{"file":"1521827224-390x205.jpg","width":390,"height":205,"mime_type":"image\/jpeg","source_url":"https:\/\/www.azullimao.com.br\/portal\/wp-content\/uploads\/2018\/03\/1521827224-390x205.jpg"},"colormag-featured-post-small":{"file":"1521827224-130x90.jpg","width":130,"height":90,"mime_type":"image\/jpeg","source_url":"https:\/\/www.azullimao.com.br\/portal\/wp-content\/uploads\/2018\/03\/1521827224-130x90.jpg"},"colormag-featured-image":{"file":"1521827224-800x445.jpg","width":800,"height":445,"mime_type":"image\/jpeg","source_url":"https:\/\/www.azullimao.com.br\/portal\/wp-content\/uploads\/2018\/03\/1521827224-800x445.jpg"},"colormag-default-news":{"file":"1521827224-150x150.jpg","width":150,"height":150,"mime_type":"image\/jpeg","source_url":"https:\/\/www.azullimao.com.br\/portal\/wp-content\/uploads\/2018\/03\/1521827224-150x150.jpg"},"full":{"file":"1521827224.jpg","width":800,"height":534,"mime_type":"image\/jpeg","source_url":"https:\/\/www.azullimao.com.br\/portal\/wp-content\/uploads\/2018\/03\/1521827224.jpg"}},"image_meta":{"aperture":"10","credit":"Jo\u00e3o Barreto","camera":"Canon EOS 60D","caption":"Cidade Universit\u00e1ria de Maca\u00e9.. Data 03\/05\/2017 - Maca\u00e9\/RJ\/Brasil","created_timestamp":"1493811061","copyright":"www.macae.rj.gov.br","focal_length":"16","iso":"100","shutter_speed":"0.0125","title":"201700503 Cidade Universit\u00e1ria","orientation":"1","keywords":["Funemac","UFRJ","alunos","UFF campus"]}},"post":null,"source_url":"https:\/\/www.azullimao.com.br\/portal\/wp-content\/uploads\/2018\/03\/1521827224.jpg","_links":{"self":[{"href":"https:\/\/www.azullimao.com.br\/portal\/wp-json\/wp\/v2\/media\/7990","targetHints":{"allow":["GET"]}}],"collection":[{"href":"https:\/\/www.azullimao.com.br\/portal\/wp-json\/wp\/v2\/media"}],"about":[{"href":"https:\/\/www.azullimao.com.br\/portal\/wp-json\/wp\/v2\/types\/attachment"}],"author":[{"embeddable":true,"href":"https:\/\/www.azullimao.com.br\/portal\/wp-json\/wp\/v2\/users\/7"}],"replies":[{"embeddable":true,"href":"https:\/\/www.azullimao.com.br\/portal\/wp-json\/wp\/v2\/comments?post=7990"}]}}

201700503 Cidade Universitária

<p>Cidade Universitária de Macaé.. Data 03/05/2017 &#8211; Macaé/RJ/Brasil</p>

João Barreto

Cidade Universitária de Macaé.. Data 03/05/2017 - Macaé/RJ/Brasil
