{"id":7927,"date":"2018-03-19T16:14:34","date_gmt":"2018-03-19T19:14:34","guid":{"rendered":"http:\/\/www.azullimao.com.br\/portal\/wp-content\/uploads\/2018\/03\/1521518973.jpg"},"modified":"2018-03-19T16:14:34","modified_gmt":"2018-03-19T19:14:34","slug":"1521518973","status":"inherit","type":"attachment","link":"https:\/\/www.azullimao.com.br\/portal\/1521518973\/","title":{"rendered":"1521518973"},"author":7,"featured_media":0,"comment_status":"open","ping_status":"closed","template":"","meta":[],"class_list":["post-7927","attachment","type-attachment","status-inherit","hentry"],"description":{"rendered":"<p class=\"attachment\"><a href='https:\/\/www.azullimao.com.br\/portal\/wp-content\/uploads\/2018\/03\/1521518973.jpg'><img loading=\"lazy\" decoding=\"async\" width=\"300\" height=\"200\" src=\"https:\/\/www.azullimao.com.br\/portal\/wp-content\/uploads\/2018\/03\/1521518973-300x200.jpg\" class=\"attachment-medium size-medium\" alt=\"\" srcset=\"https:\/\/www.azullimao.com.br\/portal\/wp-content\/uploads\/2018\/03\/1521518973-300x200.jpg 300w, https:\/\/www.azullimao.com.br\/portal\/wp-content\/uploads\/2018\/03\/1521518973-768x513.jpg 768w, https:\/\/www.azullimao.com.br\/portal\/wp-content\/uploads\/2018\/03\/1521518973.jpg 800w\" sizes=\"auto, (max-width: 300px) 100vw, 300px\" \/><\/a><\/p>\n"},"caption":{"rendered":"<p>Servi\u00e7o de equoterapia retorna \u00e0 atividade. Maca\u00e9\/RJ, Data: 19\/03\/2018. Foto: Guga Malheiros\/Prefeitura de Maca\u00e9<\/p>\n"},"alt_text":"","media_type":"image","mime_type":"image\/jpeg","media_details":{"width":800,"height":534,"file":"2018\/03\/1521518973.jpg","sizes":{"thumbnail":{"file":"1521518973-150x150.jpg","width":150,"height":150,"mime_type":"image\/jpeg","source_url":"https:\/\/www.azullimao.com.br\/portal\/wp-content\/uploads\/2018\/03\/1521518973-150x150.jpg"},"medium":{"file":"1521518973-300x200.jpg","width":300,"height":200,"mime_type":"image\/jpeg","source_url":"https:\/\/www.azullimao.com.br\/portal\/wp-content\/uploads\/2018\/03\/1521518973-300x200.jpg"},"medium_large":{"file":"1521518973-768x513.jpg","width":768,"height":513,"mime_type":"image\/jpeg","source_url":"https:\/\/www.azullimao.com.br\/portal\/wp-content\/uploads\/2018\/03\/1521518973-768x513.jpg"},"colormag-highlighted-post":{"file":"1521518973-392x272.jpg","width":392,"height":272,"mime_type":"image\/jpeg","source_url":"https:\/\/www.azullimao.com.br\/portal\/wp-content\/uploads\/2018\/03\/1521518973-392x272.jpg"},"colormag-featured-post-medium":{"file":"1521518973-390x205.jpg","width":390,"height":205,"mime_type":"image\/jpeg","source_url":"https:\/\/www.azullimao.com.br\/portal\/wp-content\/uploads\/2018\/03\/1521518973-390x205.jpg"},"colormag-featured-post-small":{"file":"1521518973-130x90.jpg","width":130,"height":90,"mime_type":"image\/jpeg","source_url":"https:\/\/www.azullimao.com.br\/portal\/wp-content\/uploads\/2018\/03\/1521518973-130x90.jpg"},"colormag-featured-image":{"file":"1521518973-800x445.jpg","width":800,"height":445,"mime_type":"image\/jpeg","source_url":"https:\/\/www.azullimao.com.br\/portal\/wp-content\/uploads\/2018\/03\/1521518973-800x445.jpg"},"colormag-default-news":{"file":"1521518973-150x150.jpg","width":150,"height":150,"mime_type":"image\/jpeg","source_url":"https:\/\/www.azullimao.com.br\/portal\/wp-content\/uploads\/2018\/03\/1521518973-150x150.jpg"},"full":{"file":"1521518973.jpg","width":800,"height":534,"mime_type":"image\/jpeg","source_url":"https:\/\/www.azullimao.com.br\/portal\/wp-content\/uploads\/2018\/03\/1521518973.jpg"}},"image_meta":{"aperture":"2.8","credit":"Guga Malheiros","camera":"Canon EOS 60D","caption":"Servi\u00e7o de equoterapia retorna \u00e0 atividade. Maca\u00e9\/RJ, Data: 19\/03\/2018. Foto: Guga Malheiros\/Prefeitura de Maca\u00e9","created_timestamp":"1521458476","copyright":"www.macae.rj.gov.br","focal_length":"16","iso":"2000","shutter_speed":"0.002","title":"","orientation":"1","keywords":["cavalo","terapia","terapeuta","zika","microcefalia"]}},"post":null,"source_url":"https:\/\/www.azullimao.com.br\/portal\/wp-content\/uploads\/2018\/03\/1521518973.jpg","_links":{"self":[{"href":"https:\/\/www.azullimao.com.br\/portal\/wp-json\/wp\/v2\/media\/7927","targetHints":{"allow":["GET"]}}],"collection":[{"href":"https:\/\/www.azullimao.com.br\/portal\/wp-json\/wp\/v2\/media"}],"about":[{"href":"https:\/\/www.azullimao.com.br\/portal\/wp-json\/wp\/v2\/types\/attachment"}],"author":[{"embeddable":true,"href":"https:\/\/www.azullimao.com.br\/portal\/wp-json\/wp\/v2\/users\/7"}],"replies":[{"embeddable":true,"href":"https:\/\/www.azullimao.com.br\/portal\/wp-json\/wp\/v2\/comments?post=7927"}]}}

<p>Serviço de equoterapia retorna à atividade. Macaé/RJ, Data: 19/03/2018. Foto: Guga Malheiros/Prefeitura de Macaé</p>

Serviço de equoterapia retorna à atividade. Macaé/RJ, Data: 19/03/2018. Foto: Guga Malheiros/Prefeitura de Macaé
