{"id":7916,"date":"2018-03-15T14:23:15","date_gmt":"2018-03-15T17:23:15","guid":{"rendered":"http:\/\/www.azullimao.com.br\/portal\/wp-content\/uploads\/2018\/03\/1521211477.jpg"},"modified":"2018-03-15T14:23:15","modified_gmt":"2018-03-15T17:23:15","slug":"1521211477","status":"inherit","type":"attachment","link":"https:\/\/www.azullimao.com.br\/portal\/1521211477\/","title":{"rendered":"1521211477"},"author":7,"featured_media":0,"comment_status":"open","ping_status":"closed","template":"","meta":[],"class_list":["post-7916","attachment","type-attachment","status-inherit","hentry"],"description":{"rendered":"<p class=\"attachment\"><a href='https:\/\/www.azullimao.com.br\/portal\/wp-content\/uploads\/2018\/03\/1521211477.jpg'><img loading=\"lazy\" decoding=\"async\" width=\"300\" height=\"200\" src=\"https:\/\/www.azullimao.com.br\/portal\/wp-content\/uploads\/2018\/03\/1521211477-300x200.jpg\" class=\"attachment-medium size-medium\" alt=\"\" srcset=\"https:\/\/www.azullimao.com.br\/portal\/wp-content\/uploads\/2018\/03\/1521211477-300x200.jpg 300w, https:\/\/www.azullimao.com.br\/portal\/wp-content\/uploads\/2018\/03\/1521211477-768x513.jpg 768w, https:\/\/www.azullimao.com.br\/portal\/wp-content\/uploads\/2018\/03\/1521211477.jpg 800w\" sizes=\"auto, (max-width: 300px) 100vw, 300px\" \/><\/a><\/p>\n"},"caption":{"rendered":"<p>A\u00e7\u00e3o de limpeza dos Pescadores, Defeso Camar\u00e3o e Piracema, Pontal da Barra. Maca\u00e9\/RJ. Data 15\/03\/2018. Foto: Ana Chaffin.<\/p>\n"},"alt_text":"","media_type":"image","mime_type":"image\/jpeg","media_details":{"width":800,"height":534,"file":"2018\/03\/1521211477.jpg","sizes":{"thumbnail":{"file":"1521211477-150x150.jpg","width":150,"height":150,"mime_type":"image\/jpeg","source_url":"https:\/\/www.azullimao.com.br\/portal\/wp-content\/uploads\/2018\/03\/1521211477-150x150.jpg"},"medium":{"file":"1521211477-300x200.jpg","width":300,"height":200,"mime_type":"image\/jpeg","source_url":"https:\/\/www.azullimao.com.br\/portal\/wp-content\/uploads\/2018\/03\/1521211477-300x200.jpg"},"medium_large":{"file":"1521211477-768x513.jpg","width":768,"height":513,"mime_type":"image\/jpeg","source_url":"https:\/\/www.azullimao.com.br\/portal\/wp-content\/uploads\/2018\/03\/1521211477-768x513.jpg"},"colormag-highlighted-post":{"file":"1521211477-392x272.jpg","width":392,"height":272,"mime_type":"image\/jpeg","source_url":"https:\/\/www.azullimao.com.br\/portal\/wp-content\/uploads\/2018\/03\/1521211477-392x272.jpg"},"colormag-featured-post-medium":{"file":"1521211477-390x205.jpg","width":390,"height":205,"mime_type":"image\/jpeg","source_url":"https:\/\/www.azullimao.com.br\/portal\/wp-content\/uploads\/2018\/03\/1521211477-390x205.jpg"},"colormag-featured-post-small":{"file":"1521211477-130x90.jpg","width":130,"height":90,"mime_type":"image\/jpeg","source_url":"https:\/\/www.azullimao.com.br\/portal\/wp-content\/uploads\/2018\/03\/1521211477-130x90.jpg"},"colormag-featured-image":{"file":"1521211477-800x445.jpg","width":800,"height":445,"mime_type":"image\/jpeg","source_url":"https:\/\/www.azullimao.com.br\/portal\/wp-content\/uploads\/2018\/03\/1521211477-800x445.jpg"},"colormag-default-news":{"file":"1521211477-150x150.jpg","width":150,"height":150,"mime_type":"image\/jpeg","source_url":"https:\/\/www.azullimao.com.br\/portal\/wp-content\/uploads\/2018\/03\/1521211477-150x150.jpg"},"full":{"file":"1521211477.jpg","width":800,"height":534,"mime_type":"image\/jpeg","source_url":"https:\/\/www.azullimao.com.br\/portal\/wp-content\/uploads\/2018\/03\/1521211477.jpg"}},"image_meta":{"aperture":"10","credit":"Ana Chaffin","camera":"Canon EOS 60D","caption":"A\u00e7\u00e3o de limpeza dos Pescadores, Defeso Camar\u00e3o e Piracema, Pontal da Barra. Maca\u00e9\/RJ. Data 15\/03\/2018. Foto: Ana Chaffin.","created_timestamp":"1521105604","copyright":"www.macae.rj.gov.br","focal_length":"35","iso":"100","shutter_speed":"0.00625","title":"","orientation":"1","keywords":[]}},"post":null,"source_url":"https:\/\/www.azullimao.com.br\/portal\/wp-content\/uploads\/2018\/03\/1521211477.jpg","_links":{"self":[{"href":"https:\/\/www.azullimao.com.br\/portal\/wp-json\/wp\/v2\/media\/7916","targetHints":{"allow":["GET"]}}],"collection":[{"href":"https:\/\/www.azullimao.com.br\/portal\/wp-json\/wp\/v2\/media"}],"about":[{"href":"https:\/\/www.azullimao.com.br\/portal\/wp-json\/wp\/v2\/types\/attachment"}],"author":[{"embeddable":true,"href":"https:\/\/www.azullimao.com.br\/portal\/wp-json\/wp\/v2\/users\/7"}],"replies":[{"embeddable":true,"href":"https:\/\/www.azullimao.com.br\/portal\/wp-json\/wp\/v2\/comments?post=7916"}]}}

<p>Ação de limpeza dos Pescadores, Defeso Camarão e Piracema, Pontal da Barra. Macaé/RJ. Data 15/03/2018. Foto: Ana Chaffin.</p>

Ação de limpeza dos Pescadores, Defeso Camarão e Piracema, Pontal da Barra. Macaé/RJ. Data 15/03/2018. Foto: Ana Chaffin.
