{"id":7909,"date":"2018-03-15T11:31:22","date_gmt":"2018-03-15T14:31:22","guid":{"rendered":"http:\/\/www.azullimao.com.br\/portal\/wp-content\/uploads\/2018\/03\/1521111324.jpg"},"modified":"2018-03-15T11:31:22","modified_gmt":"2018-03-15T14:31:22","slug":"1521111324","status":"inherit","type":"attachment","link":"https:\/\/www.azullimao.com.br\/portal\/1521111324\/","title":{"rendered":"1521111324"},"author":7,"featured_media":0,"comment_status":"open","ping_status":"closed","template":"","meta":[],"class_list":["post-7909","attachment","type-attachment","status-inherit","hentry"],"description":{"rendered":"<p class=\"attachment\"><a href='https:\/\/www.azullimao.com.br\/portal\/wp-content\/uploads\/2018\/03\/1521111324.jpg'><img loading=\"lazy\" decoding=\"async\" width=\"300\" height=\"200\" src=\"https:\/\/www.azullimao.com.br\/portal\/wp-content\/uploads\/2018\/03\/1521111324-300x200.jpg\" class=\"attachment-medium size-medium\" alt=\"\" srcset=\"https:\/\/www.azullimao.com.br\/portal\/wp-content\/uploads\/2018\/03\/1521111324-300x200.jpg 300w, https:\/\/www.azullimao.com.br\/portal\/wp-content\/uploads\/2018\/03\/1521111324-768x512.jpg 768w, https:\/\/www.azullimao.com.br\/portal\/wp-content\/uploads\/2018\/03\/1521111324.jpg 800w\" sizes=\"auto, (max-width: 300px) 100vw, 300px\" \/><\/a><\/p>\n"},"caption":{"rendered":"<p>Cemponato de Beach Soccer, Torneio de Altinha e Aul\u00e3o de gin\u00e1stica na Praia de Imbetiba, durante o \u00faltimo final de semana do Fest Ver\u00e3o 2017. Maca\u00e9\/RJ. Data: 18\/02\/2017. Foto: Guga Malheiros\/ Prefeitura de Maca\u00e9.<\/p>\n"},"alt_text":"","media_type":"image","mime_type":"image\/jpeg","media_details":{"width":800,"height":533,"file":"2018\/03\/1521111324.jpg","sizes":{"thumbnail":{"file":"1521111324-150x150.jpg","width":150,"height":150,"mime_type":"image\/jpeg","source_url":"https:\/\/www.azullimao.com.br\/portal\/wp-content\/uploads\/2018\/03\/1521111324-150x150.jpg"},"medium":{"file":"1521111324-300x200.jpg","width":300,"height":200,"mime_type":"image\/jpeg","source_url":"https:\/\/www.azullimao.com.br\/portal\/wp-content\/uploads\/2018\/03\/1521111324-300x200.jpg"},"medium_large":{"file":"1521111324-768x512.jpg","width":768,"height":512,"mime_type":"image\/jpeg","source_url":"https:\/\/www.azullimao.com.br\/portal\/wp-content\/uploads\/2018\/03\/1521111324-768x512.jpg"},"colormag-highlighted-post":{"file":"1521111324-392x272.jpg","width":392,"height":272,"mime_type":"image\/jpeg","source_url":"https:\/\/www.azullimao.com.br\/portal\/wp-content\/uploads\/2018\/03\/1521111324-392x272.jpg"},"colormag-featured-post-medium":{"file":"1521111324-390x205.jpg","width":390,"height":205,"mime_type":"image\/jpeg","source_url":"https:\/\/www.azullimao.com.br\/portal\/wp-content\/uploads\/2018\/03\/1521111324-390x205.jpg"},"colormag-featured-post-small":{"file":"1521111324-130x90.jpg","width":130,"height":90,"mime_type":"image\/jpeg","source_url":"https:\/\/www.azullimao.com.br\/portal\/wp-content\/uploads\/2018\/03\/1521111324-130x90.jpg"},"colormag-featured-image":{"file":"1521111324-800x445.jpg","width":800,"height":445,"mime_type":"image\/jpeg","source_url":"https:\/\/www.azullimao.com.br\/portal\/wp-content\/uploads\/2018\/03\/1521111324-800x445.jpg"},"colormag-default-news":{"file":"1521111324-150x150.jpg","width":150,"height":150,"mime_type":"image\/jpeg","source_url":"https:\/\/www.azullimao.com.br\/portal\/wp-content\/uploads\/2018\/03\/1521111324-150x150.jpg"},"full":{"file":"1521111324.jpg","width":800,"height":533,"mime_type":"image\/jpeg","source_url":"https:\/\/www.azullimao.com.br\/portal\/wp-content\/uploads\/2018\/03\/1521111324.jpg"}},"image_meta":{"aperture":"2.8","credit":"Guga Malheiros","camera":"Canon EOS 60D","caption":"Cemponato de Beach Soccer, Torneio de Altinha e Aul\u00e3o de gin\u00e1stica na Praia de Imbetiba, durante o \u00faltimo final de semana do Fest Ver\u00e3o 2017. Maca\u00e9\/RJ. Data: 18\/02\/2017. Foto: Guga Malheiros\/ Prefeitura de Maca\u00e9.","created_timestamp":"1487406361","copyright":"www.macae.rj.gov.br","focal_length":"30","iso":"100","shutter_speed":"0.0005","title":"","orientation":"1","keywords":["FESPORTE","Sa\u00fade","atividade f\u00edsica","Secretaria de Esporte"]}},"post":null,"source_url":"https:\/\/www.azullimao.com.br\/portal\/wp-content\/uploads\/2018\/03\/1521111324.jpg","_links":{"self":[{"href":"https:\/\/www.azullimao.com.br\/portal\/wp-json\/wp\/v2\/media\/7909","targetHints":{"allow":["GET"]}}],"collection":[{"href":"https:\/\/www.azullimao.com.br\/portal\/wp-json\/wp\/v2\/media"}],"about":[{"href":"https:\/\/www.azullimao.com.br\/portal\/wp-json\/wp\/v2\/types\/attachment"}],"author":[{"embeddable":true,"href":"https:\/\/www.azullimao.com.br\/portal\/wp-json\/wp\/v2\/users\/7"}],"replies":[{"embeddable":true,"href":"https:\/\/www.azullimao.com.br\/portal\/wp-json\/wp\/v2\/comments?post=7909"}]}}

<p>Cemponato de Beach Soccer, Torneio de Altinha e Aulão de ginástica na Praia de Imbetiba, durante o último final de semana do Fest Verão 2017. Macaé/RJ. Data: 18/02/2017. Foto: Guga Malheiros/ Prefeitura de Macaé.</p>

Cemponato de Beach Soccer, Torneio de Altinha e Aulão de ginástica na Praia de Imbetiba, durante o último final de semana do Fest Verão 2017. Macaé/RJ. Data: 18/02/2017. Foto: Guga Malheiros/ Prefeitura de Macaé.

Saúde

atividade física
