{"id":7747,"date":"2018-02-28T11:13:47","date_gmt":"2018-02-28T14:13:47","guid":{"rendered":"http:\/\/www.azullimao.com.br\/portal\/wp-content\/uploads\/2018\/02\/1519874039.jpg"},"modified":"2018-02-28T11:13:47","modified_gmt":"2018-02-28T14:13:47","slug":"1519874039","status":"inherit","type":"attachment","link":"https:\/\/www.azullimao.com.br\/portal\/1519874039\/","title":{"rendered":"1519874039"},"author":7,"featured_media":0,"comment_status":"open","ping_status":"closed","template":"","meta":[],"class_list":["post-7747","attachment","type-attachment","status-inherit","hentry"],"description":{"rendered":"<p class=\"attachment\"><a href='https:\/\/www.azullimao.com.br\/portal\/wp-content\/uploads\/2018\/02\/1519874039.jpg'><img loading=\"lazy\" decoding=\"async\" width=\"300\" height=\"200\" src=\"https:\/\/www.azullimao.com.br\/portal\/wp-content\/uploads\/2018\/02\/1519874039-300x200.jpg\" class=\"attachment-medium size-medium\" alt=\"\" srcset=\"https:\/\/www.azullimao.com.br\/portal\/wp-content\/uploads\/2018\/02\/1519874039-300x200.jpg 300w, https:\/\/www.azullimao.com.br\/portal\/wp-content\/uploads\/2018\/02\/1519874039-768x512.jpg 768w, https:\/\/www.azullimao.com.br\/portal\/wp-content\/uploads\/2018\/02\/1519874039-1024x683.jpg 1024w, https:\/\/www.azullimao.com.br\/portal\/wp-content\/uploads\/2018\/02\/1519874039.jpg 1417w\" sizes=\"auto, (max-width: 300px) 100vw, 300px\" \/><\/a><\/p>\n"},"caption":{"rendered":"<p>Vacina\u00e7\u00e3o contra Febre Amarela no Pronto Socorro de Imbetiba . Maca\u00e9\/RJ. Data: 16\/03\/2017. Foto: Rui Porto Filho<\/p>\n"},"alt_text":"","media_type":"image","mime_type":"image\/jpeg","media_details":{"width":1417,"height":945,"file":"2018\/02\/1519874039.jpg","sizes":{"thumbnail":{"file":"1519874039-150x150.jpg","width":150,"height":150,"mime_type":"image\/jpeg","source_url":"https:\/\/www.azullimao.com.br\/portal\/wp-content\/uploads\/2018\/02\/1519874039-150x150.jpg"},"medium":{"file":"1519874039-300x200.jpg","width":300,"height":200,"mime_type":"image\/jpeg","source_url":"https:\/\/www.azullimao.com.br\/portal\/wp-content\/uploads\/2018\/02\/1519874039-300x200.jpg"},"medium_large":{"file":"1519874039-768x512.jpg","width":768,"height":512,"mime_type":"image\/jpeg","source_url":"https:\/\/www.azullimao.com.br\/portal\/wp-content\/uploads\/2018\/02\/1519874039-768x512.jpg"},"large":{"file":"1519874039-1024x683.jpg","width":1024,"height":683,"mime_type":"image\/jpeg","source_url":"https:\/\/www.azullimao.com.br\/portal\/wp-content\/uploads\/2018\/02\/1519874039-1024x683.jpg"},"colormag-highlighted-post":{"file":"1519874039-392x272.jpg","width":392,"height":272,"mime_type":"image\/jpeg","source_url":"https:\/\/www.azullimao.com.br\/portal\/wp-content\/uploads\/2018\/02\/1519874039-392x272.jpg"},"colormag-featured-post-medium":{"file":"1519874039-390x205.jpg","width":390,"height":205,"mime_type":"image\/jpeg","source_url":"https:\/\/www.azullimao.com.br\/portal\/wp-content\/uploads\/2018\/02\/1519874039-390x205.jpg"},"colormag-featured-post-small":{"file":"1519874039-130x90.jpg","width":130,"height":90,"mime_type":"image\/jpeg","source_url":"https:\/\/www.azullimao.com.br\/portal\/wp-content\/uploads\/2018\/02\/1519874039-130x90.jpg"},"colormag-featured-image":{"file":"1519874039-800x445.jpg","width":800,"height":445,"mime_type":"image\/jpeg","source_url":"https:\/\/www.azullimao.com.br\/portal\/wp-content\/uploads\/2018\/02\/1519874039-800x445.jpg"},"colormag-default-news":{"file":"1519874039-150x150.jpg","width":150,"height":150,"mime_type":"image\/jpeg","source_url":"https:\/\/www.azullimao.com.br\/portal\/wp-content\/uploads\/2018\/02\/1519874039-150x150.jpg"},"colormag-featured-image-large":{"file":"1519874039-1400x600.jpg","width":1400,"height":600,"mime_type":"image\/jpeg","source_url":"https:\/\/www.azullimao.com.br\/portal\/wp-content\/uploads\/2018\/02\/1519874039-1400x600.jpg"},"full":{"file":"1519874039.jpg","width":1417,"height":945,"mime_type":"image\/jpeg","source_url":"https:\/\/www.azullimao.com.br\/portal\/wp-content\/uploads\/2018\/02\/1519874039.jpg"}},"image_meta":{"aperture":"4","credit":"Rui Porto Filho","camera":"Canon EOS 60D","caption":"Vacina\u00e7\u00e3o contra Febre Amarela no Pronto Socorro de Imbetiba . Maca\u00e9\/RJ. Data: 16\/03\/2017. Foto: Rui Porto Filho","created_timestamp":"1489659321","copyright":"www.macae.rj.gov.br","focal_length":"35","iso":"3200","shutter_speed":"0.004","title":"","orientation":"1","keywords":["Vacina"]}},"post":null,"source_url":"https:\/\/www.azullimao.com.br\/portal\/wp-content\/uploads\/2018\/02\/1519874039.jpg","_links":{"self":[{"href":"https:\/\/www.azullimao.com.br\/portal\/wp-json\/wp\/v2\/media\/7747","targetHints":{"allow":["GET"]}}],"collection":[{"href":"https:\/\/www.azullimao.com.br\/portal\/wp-json\/wp\/v2\/media"}],"about":[{"href":"https:\/\/www.azullimao.com.br\/portal\/wp-json\/wp\/v2\/types\/attachment"}],"author":[{"embeddable":true,"href":"https:\/\/www.azullimao.com.br\/portal\/wp-json\/wp\/v2\/users\/7"}],"replies":[{"embeddable":true,"href":"https:\/\/www.azullimao.com.br\/portal\/wp-json\/wp\/v2\/comments?post=7747"}]}}

<p>Vacinação contra Febre Amarela no Pronto Socorro de Imbetiba . Macaé/RJ. Data: 16/03/2017. Foto: Rui Porto Filho</p>

Vacinação contra Febre Amarela no Pronto Socorro de Imbetiba . Macaé/RJ. Data: 16/03/2017. Foto: Rui Porto Filho
